 - 4. Let p be z(-4). Suppose -2*n - 5 + 11 = 0. Suppose p = u - 38 + n. Is u a composite number?
True
Suppose 3*v + 4*s = 3300 - 419, -2 = -2*s. Is v prime?
False
Let h(s) = -s**3 - 7*s**2 + 8*s + 13. Is h(-11) prime?
True
Suppose 2*p = -5*l + 1577, -5*p = -4*l - 237 + 1525. Is l composite?
False
Suppose k - 75 = -4*d, 355 = 5*k - 5*d - 20. Suppose -5*u = 3*s - 8*s - 210, k = 2*u - 5*s. Suppose -3*h = -u - 12. Is h a prime number?
True
Let t = 1 - -1. Suppose 2*n - 4 = t. Suppose 6*i - n*i = 159. Is i a composite number?
False
Suppose 0 = 3*u - x - 23, 2*u + 0*u = 3*x + 6. Let w(m) = m - 2. Let v be w(3). Let j = u + v. Is j prime?
False
Let w be (-9)/(-9) - 8/(-1). Let o(z) = -z**3 + 13*z**2 - 13*z + 4. Let v be o(w). Suppose -q - 613 = -4*n + n, -2*q - v = -n. Is n a composite number?
True
Let i = 12 - 7. Suppose -12 = -3*n, -2*k = -i*k + 5*n + 271. Is k composite?
False
Suppose 3*s + t - 324 = -97, -302 = -4*s - 2*t. Suppose -5*q + 339 = -s. Is q prime?
True
Let v(p) = 6*p**2 - 3*p + 61. Is v(12) composite?
True
Let n(i) = i**3 - 13*i**2 + 9*i + 10. Let d = -21 - -34. Is n(d) a prime number?
True
Let m be ((-192)/10)/(42/280). Let h(i) = -122*i + 3. Let c be h(2). Let s = m - c. Is s prime?
True
Suppose 5*s + t - 905 = 3*t, -3*t - 373 = -2*s. Is s composite?
False
Let n be (-166)/(-3)*9/(-6). Let d = -12 - n. Is d a composite number?
False
Is (-1)/((-2)/(-78)*-1) a prime number?
False
Let v(q) = -8*q - 5. Is v(-9) composite?
False
Let i be 2/(-2) + (-528)/(-3). Let b = i + 3. Is b a prime number?
False
Let m(q) = -q + 11. Let z be m(11). Suppose z = -7*s + 475 + 610. Is s prime?
False
Let i(n) be the first derivative of n**4/4 - 2*n**3 + 3*n**2 - 5*n - 4. Let p be i(5). Suppose -3*k + u + 95 = p, k - 2*k - 3*u = -25. Is k a composite number?
False
Let x = 499 - -84. Is x composite?
True
Let u = 11 + -7. Suppose -5*t - w + 7 + 17 = 0, 0 = -5*t - u*w + 36. Is t a prime number?
False
Suppose -2*r + 1 = -r. Let g = 2 - r. Let q(l) = 12*l - 1. Is q(g) a prime number?
True
Let s(p) = 1. Let c(i) = 4*i**2 + 5. Let y(v) = 2*c(v) - 6*s(v). Let o be y(-4). Suppose -5*d = -38 - o. Is d prime?
False
Suppose -50 = -r + 2*r. Let z = -36 - r. Suppose -v = z - 147. Is v a composite number?
True
Let g be 0 - (-2)/((-4)/2). Let y(k) = 148*k - 1. Let x be y(g). Let w = 226 + x. Is w prime?
False
Let a(h) = h**2 - 9*h. Let m be a(10). Suppose -96 = -2*b + m. Is b a composite number?
False
Suppose 3*q - 4*p - 763 = 0, -945 = -3*q - 3*p - 168. Let a = q + -130. Is a a prime number?
True
Is (((-5698)/6)/7)/((-1)/3) a composite number?
True
Let o = -9 - -23. Is 906/o + 8/28 a composite number?
True
Suppose -j - 2*m = 40, 198 - 58 = -3*j + 4*m. Let g = j + 163. Is g prime?
False
Let z = 19 - 15. Suppose -8*l + 1668 = -z*l. Is l a prime number?
False
Let b = 4 - 4. Let k = b + 0. Suppose k = -4*h + 9 + 91. Is h prime?
False
Suppose 3*f - 76 = -f. Is f prime?
True
Let b = -7 - -11. Suppose 2*p - b*g + 6 = -0, p - g = 0. Suppose 4*a - 947 = -5*d, a + 480 = p*d - 78. Is d prime?
False
Suppose 0 = -h + 5, -2*r + h + 20 = 3*r. Suppose 2*m - r*m + 69 = 0. Is m a prime number?
True
Suppose 4*z - z - 3*p - 1944 = 0, 3244 = 5*z - p. Is z composite?
True
Suppose -b + 4*b - 29687 = -2*a, 0 = 5*b - 2*a - 49457. Is (-4)/(-14) + b/91 a prime number?
True
Let a(m) = 57*m**2 + 2*m - 1. Let v be a(1). Suppose 2*t + 7*z = 3*z + v, 0 = 5*t + 3*z - 166. Is t prime?
False
Suppose s - 71 = 794. Is s composite?
True
Suppose 2*o - 20 = -2*o. Suppose o*w + 52 = 327. Is w prime?
False
Suppose -y = 5, -1796 = -5*r + 3*y - 126. Is r a composite number?
False
Let c(z) = -z**2 + 5*z - 2. Let q be c(4). Suppose 5*j = 3*n + 1681, -197 - 463 = -q*j - 5*n. Is j composite?
True
Let h = -3 - -43. Suppose 3*v = -5*f + 46, -5*v + 0 = 5*f - h. Let c = 3 + f. Is c a prime number?
False
Suppose 0*b = 2*b - 314. Is b composite?
False
Suppose 0 = -3*q + 2*v + 2067, -4*v - 2756 = -4*q - 6*v. Is q a composite number?
True
Suppose 5*y - 9 = 176. Is y prime?
True
Suppose -2*q = 5*w - 2613, 4*w - 2076 = -q + 3*q. Is w a prime number?
True
Let b = 23 + 13. Let a be 114/(-14) - (-5)/35. Is 598/18 + a/b composite?
True
Let x = 9 + -3. Let a(w) be the third derivative of -w**5/60 + 11*w**4/24 - 7*w**3/6 + 3*w**2. Is a(x) composite?
False
Let h = -29 + 79. Let r = h + -35. Is r composite?
True
Let a be (-8)/(-16) + 86/(-4). Let g be (-24)/6*a/4. Suppose g = w - 50. Is w composite?
False
Let s(x) = 135*x - 7. Is s(4) composite?
True
Let w(t) = t**3 + 2*t**2 - 2*t - 2. Let k be w(-4). Is (k + 0 + -3)*-11 composite?
True
Let w = -369 - -723. Suppose -2*g - 597 = -5*a, -3*g = -a + 4*a - w. Is a prime?
False
Let t be ((-2)/(-2) + 0)/1. Is 1 + 88*t + -3 a prime number?
False
Let u = -6 + 10. Let w(n) = -36 + 14 + 5*n + 17. Is w(u) composite?
True
Let k be (2/2)/((-6)/(-36)). Let r = -2 + k. Suppose 2*x - m = 7*x - 390, 0 = r*x - 5*m - 341. Is x composite?
False
Suppose 1067 = 9*y - 652. Is y a composite number?
False
Suppose 0 = 5*t - 5, -4*s + 0*t - 5*t = 51. Let d be (s/(-4))/(4/(-8)). Let z(c) = -c**3 - 7*c**2 - 5*c + 2. Is z(d) composite?
False
Suppose -3*r + 418 = 4*p - 207, r - 207 = -2*p. Is r a prime number?
True
Is 2*(-1)/6 - (-44044)/66 composite?
True
Suppose 5*j = 11*j - 22722. Is j a prime number?
False
Suppose 2*h = -2 - 12. Let k(c) = 0*c - 2*c + 0 + 5. Is k(h) a prime number?
True
Suppose 0 = 4*l + 2*l - 2238. Is l composite?
False
Suppose 4*s + 3*d - 61 = 0, 2*s + 3*d = s + 4. Is s a prime number?
True
Suppose 5*g - w - 2*w = 40, 0 = 4*g + 3*w - 5. Suppose 2*j + 0*j - 4*o = 474, 0 = -4*j - g*o + 922. Is j a prime number?
True
Suppose -3*c + 1102 + 149 = 0. Is c a composite number?
True
Let h be 8/3*(-51)/(-2). Suppose -k + 3*k = h. Is k a prime number?
False
Let q = -2 + -1. Let s be (6/4)/(q/(-10)). Suppose 3*t - s*i = 122, 4*t - 3*i - 19 = 162. Is t composite?
True
Let o = -198 - -413. Is -2 + o + (1 - 3) a composite number?
False
Suppose 0 = -5*c + 60 + 175. Is c a composite number?
False
Is ((-74169)/(-6))/9 - 1/2 composite?
False
Let r(f) = 3*f**3 - 7*f**2 + 11*f - 10. Let o(q) = q**3 - 2*q**2 + 4*q - 3. Let m(y) = -8*o(y) + 3*r(y). Let u be m(5). Let t = 5 - u. Is t prime?
False
Is 426 + 10 - (-2 + 1) prime?
False
Let y(m) be the third derivative of -m**5/60 + m**4/24 + m**3/3 - 3*m**2. Let z be y(-3). Is -3*z/(-4)*-2 a composite number?
True
Let c(l) = -l**3 + l + 5. Let h be c(0). Let u(k) = 0*k**3 + h*k**3 - k**2 - 2*k + 1 - 4*k**3 - 2*k. Is u(4) a composite number?
True
Is (3 - 2165/(-15))*3/2 a composite number?
True
Let f(l) = 3*l**2 + 9*l - 1. Let z = -4 - -4. Suppose z = 5*v + 5*c + 45, 3*v + c + 29 = -4*c. Is f(v) composite?
True
Let s = 3 - -132. Is 2*(2 + s/6) a prime number?
False
Let g be ((-2)/(-2) - 8) + -2. Let n = g - -2. Is (-1140)/n - (-3)/21 a prime number?
True
Suppose -40*t = -32*t - 11176. Is t a composite number?
True
Suppose 0 = 5*v - 0*v - 65. Let i = v + -10. Suppose 0 = 2*h + 1 + 9, -4*h = i*r - 463. Is r a composite number?
True
Let x be (-2)/7 - (-20044)/(-14). Suppose 4*v = 3*b - 13, -2*b + 18 = -0*v - 5*v. Is b/3 + x/(-12) a prime number?
False
Suppose -2 = -3*a + 4. Let w be -1*(a - -2)*-1. Suppose -8 = 2*m - w*m. Is m composite?
True
Let r = 2 + -4. Let p(d) = 8*d**2 - d - 1. Is p(r) a composite number?
True
Let x(m) = -m**2 + 4*m - 5. Let c be x(-4). Let w be c/(-7) + (-4)/14. Is (-5)/w + 8*10 prime?
True
Let b(c) = c**3 + 4*c**2 - 7*c - 5. Is b(7) a composite number?
True
Let g = 41 - 18. Let w = g - -11. Is w a composite number?
True
Suppose -4*l + 1753 = -1195. Is l prime?
False
Let i = -58 + 23. Let s = -14 - i. Is s composite?
True
Let y be (-9)/7 - 2/(-7). Let p be (-4)/2*y/1. Is 3/6*92/p a prime number?
True
Let r = 598 + 411. Is r a composite number?
False
Suppose -103 - 293 = -4*w. Suppose 0 = 5*l + 4*n - 113, 7*n - 4*n + w = 5*l. Is l prime?
False
Suppose -y = -5*k + 42 - 14, 0 = -3*k + 9. Let d(b) = 3*b + 11. Let o be d(y). Is ((-21)/12)/(1/o) a composite number?
True
Let s be 60*((-6)/(-9) + -2). Let j = -114 - s. Let r = 113 + j. Is r prime?
True
Suppose 0 = -5*y + 2*a - 0*a + 33, -30 = -2*y + 5*a. Suppose -y*p - 3 = -6*p. Suppose 0 = -2*d - p*d + 310. Is d prime?
False
Let i(g) = 9*g**2 + 16*g + 68. Is i(15) a prime number?
True
Suppose 4*g + 2*s 